{"id":359,"date":"2021-05-13T05:31:27","date_gmt":"2021-05-13T05:31:27","guid":{"rendered":"https:\/\/hervitransportes.com\/?page_id=359"},"modified":"2023-12-30T05:12:32","modified_gmt":"2023-12-30T05:12:32","slug":"principal","status":"publish","type":"page","link":"https:\/\/hervitransportes.com\/","title":{"rendered":"Principal"},"content":{"rendered":"\n<div class=\"wp-block-cover\"><span aria-hidden=\"true\" class=\"wp-block-cover__background has-background-dim\"><\/span><img loading=\"lazy\" decoding=\"async\" width=\"1024\" height=\"512\" class=\"wp-block-cover__image-background wp-image-578\" alt=\"\" src=\"https:\/\/hervitransportes.com\/wp-content\/uploads\/2023\/10\/luke-stackpoole-ZRsJmpt9pNI-unsplash-2-1024x512.jpg\" data-object-fit=\"cover\" srcset=\"https:\/\/hervitransportes.com\/wp-content\/uploads\/2023\/10\/luke-stackpoole-ZRsJmpt9pNI-unsplash-2-1024x512.jpg 1024w, https:\/\/hervitransportes.com\/wp-content\/uploads\/2023\/10\/luke-stackpoole-ZRsJmpt9pNI-unsplash-2-300x150.jpg 300w, https:\/\/hervitransportes.com\/wp-content\/uploads\/2023\/10\/luke-stackpoole-ZRsJmpt9pNI-unsplash-2-768x384.jpg 768w, https:\/\/hervitransportes.com\/wp-content\/uploads\/2023\/10\/luke-stackpoole-ZRsJmpt9pNI-unsplash-2-1536x768.jpg 1536w, https:\/\/hervitransportes.com\/wp-content\/uploads\/2023\/10\/luke-stackpoole-ZRsJmpt9pNI-unsplash-2-2048x1024.jpg 2048w\" sizes=\"auto, (max-width: 1024px) 100vw, 1024px\" \/><div class=\"wp-block-cover__inner-container is-layout-flow wp-block-cover-is-layout-flow\">\n<h1 class=\"wp-block-heading has-text-align-left has-large-font-size\"><mark style=\"background-color:rgba(0, 0, 0, 0)\" class=\"has-inline-color has-ast-global-color-5-color\"><strong>HERVI TRANSPORTES<\/strong><\/mark><\/h1>\n<\/div><\/div>\n\n\n\n<div class=\"wp-block-uagb-container uagb-block-f2002f91 alignfull uagb-is-root-container\"><div class=\"uagb-container-inner-blocks-wrap\">\n<div class=\"wp-block-uagb-container uagb-block-791ddbe6\">\n<h2 class=\"wp-block-heading\"><mark style=\"background-color:rgba(0, 0, 0, 0)\" class=\"has-inline-color has-ast-global-color-5-color\">Transportes de carga<\/mark><\/h2>\n\n\n\n<p><mark style=\"background-color:rgba(0, 0, 0, 0)\" class=\"has-inline-color has-ast-global-color-5-color\">Contamos con servicio de transporte de mercancias v\u00eda terrestre. Adem\u00e1s, brindamos puntualidad, seguridad y confianza en nuestros viajes.<\/mark><\/p>\n<\/div>\n\n\n\n<div class=\"wp-block-uagb-container uagb-block-5396f2f0\">\n<div class=\"wp-block-uagb-image aligncenter uagb-block-28621110 wp-block-uagb-image--layout-default wp-block-uagb-image--effect-static wp-block-uagb-image--align-center\"><figure class=\"wp-block-uagb-image__figure\"><img decoding=\"async\" srcset=\"https:\/\/hervitransportes.com\/wp-content\/uploads\/2023\/10\/5913d260-0a30-4f1e-921a-ca5bfafa3e33-4.jpg ,https:\/\/hervitransportes.com\/wp-content\/uploads\/2023\/10\/5913d260-0a30-4f1e-921a-ca5bfafa3e33-4.jpg 780w, https:\/\/hervitransportes.com\/wp-content\/uploads\/2023\/10\/5913d260-0a30-4f1e-921a-ca5bfafa3e33-4.jpg 360w\" sizes=\"auto, (max-width: 480px) 150px\" src=\"https:\/\/hervitransportes.com\/wp-content\/uploads\/2023\/10\/5913d260-0a30-4f1e-921a-ca5bfafa3e33-4.jpg\" alt=\"\" class=\"uag-image-576\" width=\"490\" height=\"326\" title=\"\" loading=\"lazy\"\/><\/figure><\/div>\n<\/div>\n<\/div><\/div>\n\n\n\n<div class=\"wp-block-uagb-container uagb-block-c3878d39 alignfull uagb-is-root-container\"><div class=\"uagb-container-inner-blocks-wrap\">\n<div class=\"wp-block-uagb-container uagb-block-8e334646\">\n<div class=\"wp-block-uagb-image alignleft uagb-block-1c92cac7 wp-block-uagb-image--layout-default wp-block-uagb-image--effect-static wp-block-uagb-image--align-left\"><figure class=\"wp-block-uagb-image__figure\"><img decoding=\"async\" srcset=\"https:\/\/hervitransportes.com\/wp-content\/uploads\/2023\/10\/c30e000e-1223-427d-b13d-be03c2556394-5.jpg ,https:\/\/hervitransportes.com\/wp-content\/uploads\/2023\/10\/c30e000e-1223-427d-b13d-be03c2556394-5.jpg 780w, https:\/\/hervitransportes.com\/wp-content\/uploads\/2023\/10\/c30e000e-1223-427d-b13d-be03c2556394-5.jpg 360w\" sizes=\"auto, (max-width: 480px) 150px\" src=\"https:\/\/hervitransportes.com\/wp-content\/uploads\/2023\/10\/c30e000e-1223-427d-b13d-be03c2556394-5.jpg\" alt=\"\" class=\"uag-image-581\" width=\"600\" height=\"742\" title=\"\" loading=\"lazy\"\/><\/figure><\/div>\n<\/div>\n\n\n\n<div class=\"wp-block-uagb-container uagb-block-fbbc7f58\">\n<div class=\"wp-block-uagb-advanced-heading uagb-block-4aa4ca83\"><h5 class=\"uagb-heading-text\">\u00bfQui\u00e9nes somos?\u200b<\/h5><\/div>\n\n\n\n<h2 class=\"wp-block-heading\">El equipo de trabajo que cuenta con el personal m\u00e1s comprometido y dispuesto a formar parte de la mejor empresa en nuestra rama.<\/h2>\n\n\n\n<p>Nacimos en 2017 como empresa de transporte tipo personal, fue en el a\u00f1o 2022 cuando comenzamos a explorar el transporte de carga, simpre bajo la misma filosof\u00eda: Dar el mejor servicio, calidad y confianza.<br>D\u00eda con d\u00eda trabajamos para llegar a posicionarnos a nivel nacional, gracias a nuestro excelente sistema log\u00edstica y comunicaci\u00f3n.<\/p>\n<\/div>\n<\/div><\/div>\n\n\n\n<div class=\"wp-block-uagb-container uagb-block-f87176a2 alignfull uagb-is-root-container\"><div class=\"uagb-container-inner-blocks-wrap\">\n<div class=\"wp-block-uagb-separator uagb-block-175e2877\"><div class=\"wp-block-uagb-separator__inner\" style=\"--my-background-image:\"><\/div><\/div>\n<\/div><\/div>\n\n\n\n<div class=\"wp-block-uagb-advanced-heading uagb-block-5d255cf4\"><h2 class=\"uagb-heading-text\">Nuestros servicios<\/h2><\/div>\n\n\n\n<p>Contamos con unidades de 3.5 toneladas y de 1.5 toneladas con caja seca, todas de reciente modelo. Con esto aseguramos que tu mercancia llega en las mejores condiciones a tu destino.<\/p>\n\n\n\n<div class=\"wp-block-uagb-container uagb-block-efcae55a alignfull uagb-is-root-container\"><div class=\"uagb-container-inner-blocks-wrap\">\n<div class=\"wp-block-uagb-container uagb-block-38e62f73\">\n<h2 class=\"wp-block-heading\">Local<\/h2>\n\n\n\n<p>Con nuestro servicio de traslados locales agilizamos la entrega de tus productos dentro del \u00c1rea Metropolitana de Monterrey.<\/p>\n<\/div>\n\n\n\n<div class=\"wp-block-uagb-container uagb-block-25c11433\">\n<h2 class=\"wp-block-heading\">For\u00e1neo<\/h2>\n\n\n\n<p>Nuestro servicio de transporte de carga for\u00e1neo nos permite llevar tu mercanc\u00eda de manera eficaz hacia otros estados de la Rep\u00fablica.<\/p>\n<\/div>\n\n\n\n<div class=\"wp-block-uagb-container uagb-block-1893c230\">\n<div class=\"wp-block-uagb-image aligncenter uagb-block-805f4ad4 wp-block-uagb-image--layout-default wp-block-uagb-image--effect-static wp-block-uagb-image--align-center\"><figure class=\"wp-block-uagb-image__figure\"><img decoding=\"async\" srcset=\"https:\/\/hervitransportes.com\/wp-content\/uploads\/2023\/10\/markus-spiske-RWTUrJf7I5w-unsplash-3-993x1024.jpg ,https:\/\/hervitransportes.com\/wp-content\/uploads\/2023\/10\/markus-spiske-RWTUrJf7I5w-unsplash-3.jpg 780w, https:\/\/hervitransportes.com\/wp-content\/uploads\/2023\/10\/markus-spiske-RWTUrJf7I5w-unsplash-3.jpg 360w\" sizes=\"auto, (max-width: 480px) 150px\" src=\"https:\/\/hervitransportes.com\/wp-content\/uploads\/2023\/10\/markus-spiske-RWTUrJf7I5w-unsplash-3-993x1024.jpg\" alt=\"\" class=\"uag-image-611\" width=\"285\" height=\"257\" title=\"\" loading=\"lazy\"\/><\/figure><\/div>\n<\/div>\n\n\n\n<div class=\"wp-block-uagb-container uagb-block-80ef072d\">\n<div class=\"wp-block-uagb-image aligncenter uagb-block-2c93c6d7 wp-block-uagb-image--layout-default wp-block-uagb-image--effect-static wp-block-uagb-image--align-center\"><figure class=\"wp-block-uagb-image__figure\"><img decoding=\"async\" srcset=\"https:\/\/hervitransportes.com\/wp-content\/uploads\/2023\/10\/wolfgang-hasselmann-nbRgZltoOck-unsplash-1-934x1024.jpg ,https:\/\/hervitransportes.com\/wp-content\/uploads\/2023\/10\/wolfgang-hasselmann-nbRgZltoOck-unsplash-1-scaled.jpg 780w, https:\/\/hervitransportes.com\/wp-content\/uploads\/2023\/10\/wolfgang-hasselmann-nbRgZltoOck-unsplash-1-scaled.jpg 360w\" sizes=\"auto, (max-width: 480px) 150px\" src=\"https:\/\/hervitransportes.com\/wp-content\/uploads\/2023\/10\/wolfgang-hasselmann-nbRgZltoOck-unsplash-1-934x1024.jpg\" alt=\"\" class=\"uag-image-612\" width=\"265\" height=\"243\" title=\"\" loading=\"lazy\"\/><\/figure><\/div>\n<\/div>\n<\/div><\/div>\n\n\n\n<div class=\"wp-block-uagb-container uagb-block-6bb01f93 alignfull uagb-is-root-container\"><div class=\"uagb-container-inner-blocks-wrap\">\n<div class=\"wp-block-uagb-container uagb-block-2628b513\">\n<div class=\"wp-block-uagb-image uagb-block-347454b7 wp-block-uagb-image--layout-default wp-block-uagb-image--effect-static wp-block-uagb-image--align-none\"><figure class=\"wp-block-uagb-image__figure\"><img decoding=\"async\" srcset=\"https:\/\/hervitransportes.com\/wp-content\/uploads\/2023\/10\/5913d260-0a30-4f1e-921a-ca5bfafa3e33-5.jpg ,https:\/\/hervitransportes.com\/wp-content\/uploads\/2023\/10\/5913d260-0a30-4f1e-921a-ca5bfafa3e33-5.jpg 780w, https:\/\/hervitransportes.com\/wp-content\/uploads\/2023\/10\/5913d260-0a30-4f1e-921a-ca5bfafa3e33-5.jpg 360w\" sizes=\"auto, (max-width: 480px) 150px\" src=\"https:\/\/hervitransportes.com\/wp-content\/uploads\/2023\/10\/5913d260-0a30-4f1e-921a-ca5bfafa3e33-5.jpg\" alt=\"\" class=\"uag-image-592\" width=\"960\" height=\"640\" title=\"\" loading=\"lazy\"\/><\/figure><\/div>\n\n\n\n<div class=\"wp-block-uagb-container uagb-block-cf872121\">\n<h2 class=\"wp-block-heading\"><mark style=\"background-color:rgba(0, 0, 0, 0)\" class=\"has-inline-color has-ast-global-color-5-color\">Estamos a tus \u00f3rdenes.<\/mark><\/h2>\n\n\n\n<p><mark style=\"background-color:rgba(0, 0, 0, 0)\" class=\"has-inline-color has-ast-global-color-5-color\">Cont\u00e1ctanos para m\u00e1s informaci\u00f3n.<\/mark><\/p>\n\n\n\n<div class=\"wp-block-buttons is-layout-flex wp-block-buttons-is-layout-flex\">\n<div class=\"wp-block-button\"><a class=\"wp-block-button__link wp-element-button\" href=\"https:\/\/hervitransportes.com\/?page_id=362\">Contacto<\/a><\/div>\n<\/div>\n<\/div>\n<\/div>\n<\/div><\/div>\n","protected":false},"excerpt":{"rendered":"<p>Transportes de carga Contamos con servicio de transporte de mercancias v\u00eda terrestre. Adem\u00e1s, brindamos puntualidad, seguridad y confianza en nuestros viajes. \u00bfQui\u00e9nes somos?\u200b El equipo de trabajo que cuenta con el personal m\u00e1s comprometido y dispuesto a formar parte de la mejor empresa en nuestra rama. Nacimos en 2017 como empresa de transporte tipo personal, &hellip;<\/p>\n<p class=\"read-more\"> <a class=\"\" href=\"https:\/\/hervitransportes.com\/\"> <span class=\"screen-reader-text\">Principal<\/span> Leer m\u00e1s &raquo;<\/a><\/p>\n","protected":false},"author":1,"featured_media":0,"parent":0,"menu_order":0,"comment_status":"closed","ping_status":"closed","template":"","meta":{"om_disable_all_campaigns":false,"_uag_custom_page_level_css":"","_monsterinsights_skip_tracking":false,"_monsterinsights_sitenote_active":false,"_monsterinsights_sitenote_note":"","_monsterinsights_sitenote_category":0,"site-sidebar-layout":"no-sidebar","site-content-layout":"plain-container","ast-main-header-display":"","ast-hfb-above-header-display":"","ast-hfb-below-header-display":"","ast-hfb-mobile-header-display":"","site-post-title":"disabled","ast-breadcrumbs-content":"","ast-featured-img":"","footer-sml-layout":"","theme-transparent-header-meta":"enabled","adv-header-id-meta":"","stick-header-meta":"","header-above-stick-meta":"","header-main-stick-meta":"","header-below-stick-meta":"","footnotes":""},"class_list":["post-359","page","type-page","status-publish","hentry"],"uagb_featured_image_src":{"full":false,"thumbnail":false,"medium":false,"medium_large":false,"large":false,"1536x1536":false,"2048x2048":false},"uagb_author_info":{"display_name":"hervitransportes@gmail.com","author_link":"https:\/\/hervitransportes.com\/?author=1"},"uagb_comment_info":0,"uagb_excerpt":"Transportes de carga Contamos con servicio de transporte de mercancias v\u00eda terrestre. Adem\u00e1s, brindamos puntualidad, seguridad y confianza en nuestros viajes. \u00bfQui\u00e9nes somos?\u200b El equipo de trabajo que cuenta con el personal m\u00e1s comprometido y dispuesto a formar parte de la mejor empresa en nuestra rama. Nacimos en 2017 como empresa de transporte tipo personal,&hellip;","_links":{"self":[{"href":"https:\/\/hervitransportes.com\/index.php?rest_route=\/wp\/v2\/pages\/359","targetHints":{"allow":["GET"]}}],"collection":[{"href":"https:\/\/hervitransportes.com\/index.php?rest_route=\/wp\/v2\/pages"}],"about":[{"href":"https:\/\/hervitransportes.com\/index.php?rest_route=\/wp\/v2\/types\/page"}],"author":[{"embeddable":true,"href":"https:\/\/hervitransportes.com\/index.php?rest_route=\/wp\/v2\/users\/1"}],"replies":[{"embeddable":true,"href":"https:\/\/hervitransportes.com\/index.php?rest_route=%2Fwp%2Fv2%2Fcomments&post=359"}],"version-history":[{"count":10,"href":"https:\/\/hervitransportes.com\/index.php?rest_route=\/wp\/v2\/pages\/359\/revisions"}],"predecessor-version":[{"id":627,"href":"https:\/\/hervitransportes.com\/index.php?rest_route=\/wp\/v2\/pages\/359\/revisions\/627"}],"wp:attachment":[{"href":"https:\/\/hervitransportes.com\/index.php?rest_route=%2Fwp%2Fv2%2Fmedia&parent=359"}],"curies":[{"name":"wp","href":"https:\/\/api.w.org\/{rel}","templated":true}]}}